a multiple of 18?
False
Suppose 0 = -2*j - 4*y + 7 - 3, 3*j + 4*y - 6 = 0. Suppose 0 = -3*p - j*p + 70. Is p a multiple of 14?
True
Suppose -3*q + 10 = -8. Is q a multiple of 3?
True
Suppose -5*j - 3 + 0 = 2*p, -4*j = 4*p + 12. Let y(d) = -2*d**3 - 5*d**2 - 5. Is y(p) a multiple of 12?
False
Does 16 divide (1 - 9)/((-9)/72)?
True
Let z(b) = -3 - 4 - 5*b + 5*b**2 + 4 + 6. Is 10 a factor of z(3)?
False
Suppose 48 = 2*g + 3*o, 3*g + 4*o - 82 = 2*o. Is g a multiple of 30?
True
Let h = 9 - 2. Suppose 5*c + h = 87. Suppose 17 + c = 3*s. Does 11 divide s?
True
Let n = -84 + 138. Let k be 231/3 + -1*2. Let y = k - n. Does 9 divide y?
False
Let m = 16 + -2. Suppose 2*x - 40 = m. Suppose 2*l - x - 15 = 0. Is 13 a factor of l?
False
Does 12 divide ((2 + -5)/9)/((-1)/132)?
False
Let b(j) = -j**2 + 3*j - 3. Let g be b(3). Is 13 a factor of 28 - (3 + g + 2)?
True
Suppose -2*s = 2*s + 2*q - 58, -s = 3*q - 22. Is 3 a factor of s?
False
Suppose 0 = 8*d - 3*d - 220. Is d a multiple of 9?
False
Let y(b) = -22*b**3 + b**2 - b. Let a be y(1). Is (3 - a) + 2 + 0 a multiple of 12?
False
Let y be (142/6)/(1/12). Let b be 2/4 + y/8. Suppose -4*v = -2*w - b, -w + 59 = 4*v + v. Does 11 divide v?
True
Suppose 0 = 5*p - p - 112. Is p a multiple of 17?
False
Let g = 83 - 16. Does 40 divide g?
False
Suppose -6*s - 278 = -4*s. Let g = -83 - s. Is g a multiple of 20?
False
Suppose -9*r + 8*r = -12. Is (r/(-8))/((-1)/38) a multiple of 26?
False
Let g(s) = s**2 + 6*s - 6. Let i be ((-12)/(-10))/((-6)/(-20)). Is 17 a factor of g(i)?
True
Suppose -3*o + 8*o = 0. Suppose o = -k + 6 + 9. Is k a multiple of 15?
True
Suppose -3*z + 32 = z. Suppose -z - 2 = -c. Is c a multiple of 5?
True
Let o(p) be the third derivative of p**4/24 + 2*p**2. Let v(m) = -m + 2. Let x(q) = -4*o(q) + v(q). Is x(-6) a multiple of 16?
True
Suppose 2*t + 6 = -t - 3*i, -t + 18 = -4*i. Suppose t*f = -3*f + 185. Is 14 a factor of f?
False
Does 20 divide 2 + 192/5 - 8/20?
True
Does 13 divide 37/(-1 - 6/(-3))?
False
Let f = -22 + 3. Let d = -9 - f. Is 10 a factor of d?
True
Suppose 3*j - 4*j = 30. Is 5 a factor of (1 - 6)*48/j?
False
Suppose -3*j + 2*j + 12 = 4*g, -g = -2*j - 3. Let n(d) = -d + 3*d**3 + 3*d**3 - d**2 + 18 - 7*d**3. Is n(j) a multiple of 12?
False
Let s(k) = k**3 - 4*k**2 + 3*k + 3. Let g(x) = -x**3 + 3*x**2 - 4*x - 2. Let v(i) = -3*g(i) - 4*s(i). Let n = 13 - 7. Does 15 divide v(n)?
True
Suppose y = 2*y + 2*u - 74, 3*y + 2*u - 214 = 0. Does 6 divide y?
False
Suppose 4*m = 5*s - 842, s + 5*m = 17 + 134. Does 47 divide s?
False
Let h(b) be the first derivative of -1/4*b**4 + b**2 - 5*b - 1 - 2*b**3. Does 11 divide h(-7)?
False
Let k(i) = 3*i**3 - i**2 - 3*i - 3. Does 7 divide k(3)?
False
Let b be (5/(-1))/(1/(-2)). Is 19 a factor of (-1 + 0)*(-29 + b)?
True
Let g be (7 + 0/1)*-31. Does 10 divide (1 + 0)/((-7)/g)?
False
Does 2 divide ((-1)/(2/15))/((-3)/8)?
True
Is 12 a factor of (12/9)/(3/54)?
True
Let o(f) be the second derivative of f**3/2 - 7*f**2/2 - 2*f. Let d be (8/6)/(-1)*-6. Does 17 divide o(d)?
True
Let b(s) be the second derivative of s**5/60 - s**4/12 - 2*s**3/3 - s**2 - s. Let t(w) be the first derivative of b(w). Does 10 divide t(6)?
True
Let b(f) = -14*f - 28. Is b(-12) a multiple of 10?
True
Let j be (-2)/11 - 31/11. Suppose 3*x - 3*l - 15 = 3, -2*x + l = -17. Let d = x + j. Does 4 divide d?
True
Suppose 0 = -g + 26 + 7. Is 11 a factor of g?
True
Let b be 3/(-2)*(-2 - -4). Is (-156)/(b - 0) + 3 a multiple of 13?
False
Let j(c) be the third derivative of 7/24*c**4 - 1/3*c**3 + 2*c**2 + 0 + 0*c. Does 20 divide j(6)?
True
Suppose 5*t + 1 - 31 = 0. Let s(w) = w**2 - 5*w - 3. Let k be s(t). Suppose -k*d = -0*d - 57. Is d a multiple of 18?
False
Suppose 0*j = 2*j - 4*h - 152, -3*j = -4*h - 232. Is 23 a factor of j?
False
Is 12 a factor of 0 + 98 - 4/2?
True
Let m(i) = 16*i**2 + i. Is m(-1) a multiple of 11?
False
Suppose -5*r - 335 = -5*c, 0*c - r = -5*c + 323. Is 16 a factor of c?
True
Let n(w) be the first derivative of 2/3*w**3 - 2 + 6*w + 9/2*w**2. Does 12 divide n(-6)?
True
Let x = -11 + 32. Does 7 divide x?
True
Let z = -3 + 5. Suppose 0 = -z*c - 155 - 29. Is 12 a factor of (c/(-16))/(1/8)?
False
Let i(r) = r**3 + 2*r**2 - r + 1. Let m be i(-2). Is 4*((-18)/(-4) + m) a multiple of 10?
True
Let r be (3/(-6))/(2/48). Suppose 0 = 5*p + 48 - 13. Let o = p - r. Is o a multiple of 2?
False
Suppose -g = 3*g. Suppose 2*u + 0*u = 58. Let f = g + u. Is f a multiple of 17?
False
Let q(r) = -22*r**3 - r**2 + 1. Let p be q(1). Let t = -5 - p. Let i = t - 3. Is 14 a factor of i?
True
Suppose 4*q + 0*q = 24. Let g(l) = -l**2 + 2 - 3*l - l - 4*l**2 + l**3. Is g(q) a multiple of 9?
False
Let d be (-3 - -3)*(2 - 1). Suppose -2*n - 4 = k, -4*k - 16 = -5*n - d*k. Suppose n = t + 2*p - 13, 5*p + 39 = 5*t - t. Does 8 divide t?
False
Let o = 25 - 25. Suppose o = -3*n + 88 + 35. Does 12 divide n?
False
Let z = -2 - -6. Suppose z*g = g + 21. Suppose -4*q + 17 + g = 0. Is 6 a factor of q?
True
Let r(z) = z**3 + 8*z**2 + 5*z - 6. Suppose c + 2*c = -21. Does 4 divide r(c)?
True
Let f(t) = t**3 - 8*t**2 - 12*t - 16. Is f(10) a multiple of 32?
True
Let w(r) = 32*r. Is 42 a factor of w(7)?
False
Let r(f) = f**2 + 4*f - 4. Let g be r(-4). Let q(c) be the first derivative of -5*c**2/2 - 4*c + 4. Does 16 divide q(g)?
True
Suppose -l + 62 - 5 = 0. Is 19 a factor of l?
True
Let f be 0/(0 + -4 + 7). Suppose -2*v + 9 + 7 = f. Does 2 divide v?
True
Let m(z) = -3. Let o(i) = 8. Let y(a) = -11*m(a) - 4*o(a). Let v(h) = -h. Let r(x) = -5*v(x) - 6*y(x). Does 8 divide r(6)?
True
Let n = 20 + -12. Let b = n - -2. Does 5 divide b?
True
Let b = -1 - -28. Is b a multiple of 11?
False
Suppose -2*o = -4*c + 4, -5*c + 33 = 5*o - 2. Suppose -o + 28 = 4*h. Suppose -2*b = 3*s - 28, -2*b + h*s + 28 = s. Does 12 divide b?
False
Suppose -304 - 236 = -5*l. Does 15 divide l?
False
Suppose 0 = 3*h + i - 3, 2 + 3 = -2*h - 3*i. Suppose 0*l - 3*l + 5 = 4*y, h*l + 5*y = 1. Suppose l*q + q - 16 = -b, 4 = q - 4*b. Is q a multiple of 4?
True
Let u = 28 + -19. Is u a multiple of 9?
True
Does 19 divide 4/(-6)*4*297/(-6)?
False
Let y be -2 - (1/1 - 8). Suppose -c = -y*c + 360. Is 12 a factor of (c/25)/((-1)/(-10))?
True
Let b = 14 - -31. Does 45 divide b?
True
Let u = -6 - -14. Let j(c) = c**2 - 6*c - 1. Is j(u) a multiple of 3?
True
Let w(f) = -3*f**3 - f**2 - f - 1. Let d be w(-1). Suppose -3*s + 170 = d. Is s a multiple of 8?
True
Let j be (-2 - (-6)/4)*-6. Let w(h) = j + h - 8 + 1 + 3*h. Is w(10) a multiple of 15?
False
Let q(g) = g**2 + g + 5. Let n(b) = -b - 6. Let i be n(-6). Let m be q(i). Suppose -34 = -m*r - k, 0*r - 2*r = -3*k - 17. Is 7 a factor of r?
True
Let p be (-6)/(-9)*(-21)/(-2). Let w = p + -17. Does 7 divide 78/(-4)*w/15?
False
Does 15 divide 934/8 - 4*(-12)/(-64)?
False
Suppose -3*n = -0*n - 9. Suppose -5*k + 154 = n*d + 39, 0 = k + 4*d - 40. Suppose -l + 0*l + k = 0. Is 12 a factor of l?
False
Does 31 divide (-4 - -2) + 2 - -62?
True
Is 3336/54 - (-2)/9 a multiple of 31?
True
Let i be 1/(-2) - (-455)/14. Suppose 3*m - i = 1. Is m a multiple of 9?
False
Let r(l) = -l + 10. Is r(6) a multiple of 3?
False
Let s(n) = -4*n + 5. Does 7 divide s(-4)?
True
Suppose 2*s - 3*c = 7*s - 30, -4*s = 5*c - 24. Suppose a = -3 + s. Is a even?
False
Let d(f) = -f - 10. Let t be d(-11). Suppose -4*l + 3*l = -5. Suppose -j + l = t. Is j a multiple of 3?
False
Suppose -v = -4*v - 30. Is (-295)/v + 6/(-4) a multiple of 18?
False
Let p be -1 - (-2 + 7)*-1. Let v(o) = -p + 3 - 6*o**2 + 35*o**2. Is 14 a factor of v(-1)?
True
Let v be (-1)/1 - (-1 + 1). Is 4 a factor of 14 - 2/(3 + v)?
False
Let j(a) = -a + 2. Let k be j(2). Suppose k = 2*i - 7 - 5. Does 3 divide i?
True
Let m = -4 + 7. Let i = m - -5. Is (-20 + 0)/((-4)/i) a multiple of 20?
True
Let q = -13 - -12. Is ((-1)/q)/((-12)/(-228)) a multiple of 9?
False
Let x be 7/2 - 5/(-10). Suppose x*t - 146 = 54. Is t a multiple of 25?
True
Let h(l) be the second derivative of -l**7/2520 + l**6/720 + 13*l**5/60 + l**4/12 - 2*l. Let a(s) be the third derivative of h(s). Is a(0) a multiple of 10?
False
Suppose 0 = -5*l + 63 - 18. Let j(r) = -l + 0 + 1 + 5*r + r**2. Does 6 divide j(-7)?
True
Let q(n) = -n**2 + 8*n + 3. Let b be q(9). Let d be (b + 2)*3/(-6). Suppose -d*f + 60 = -0*f. Does 10 divide f?
True